r of 710 and h.
10
Let l(b) = b**3 - 6*b**2 + 7*b - 18. Let v be l(6). What is the greatest common factor of v and 804?
12
Let p(m) = -m**2 - 21*m - 10. Let s be p(-16). Let w = 32 - 18. Calculate the greatest common divisor of s and w.
14
Suppose 3*n - 4*n + a = 152, -3*a = 0. Let p = n + -91. Let u be (-12)/(-8) + p/(-6). What is the greatest common factor of u and 14?
14
Suppose 32*n = 34*n + 120. Let l = n + 80. What is the greatest common divisor of 20 and l?
20
Let k be (-264)/(-10) - 15/(-25). Suppose -l = 4*n - k, 10 = -4*l - 10. What is the highest common factor of n and 88?
8
Let r be (-1859)/(-91) + 6/(-14). Let g(p) = -p**2 - 10*p - 12. Let s be g(-8). Calculate the greatest common factor of r and s.
4
Let i(m) = 10*m + 3 + 9 - 18*m**2 + 17*m**2 + 15. Let t be i(11). Calculate the highest common divisor of 128 and t.
16
Let k(z) = -z**3 - 6*z**2 + 6*z - 10. Let m be k(-8). Suppose -m = -y - y. Calculate the highest common factor of y and 14.
7
Suppose 642 = 4*w + 514. Calculate the greatest common factor of 112 and w.
16
Suppose -3*l + l = -2*r + 4, -2*l + 4*r = 12. Suppose -7 + l = -5*q. Let u = 0 - -11. Calculate the highest common factor of q and u.
1
Let j(d) = 27*d**3 + 2*d - 1. Let l be j(1). Suppose 3*x + 4 = l. Let f be (-1625)/(-200) + (-1)/x. What is the greatest common factor of f and 8?
8
Suppose -12939 = -5*o - 3*l + 358, 4*o + 2*l = 10638. What is the greatest common divisor of o and 19?
19
Let i be (-5)/(-20) + (-5903)/(-4). Let s be i/21 - (-4)/(-14). What is the greatest common factor of s and 175?
35
Suppose -214 = -4*w + 74. Let a(t) = t**2 + 2*t + 10. Let z be a(-4). What is the highest common divisor of w and z?
18
Let r(z) = 13*z**2 - 28*z - 51. Let a be r(10). Calculate the highest common factor of 17 and a.
17
Suppose 0 = f - 3 - 2. Let c = f - -12. Let g = -208 + 293. What is the highest common divisor of g and c?
17
Suppose -72 = -15*c + 48. What is the highest common factor of 94 and c?
2
Let w = 80 - 117. Let c = 40 + w. Let u(n) = 2*n - 7. Let f be u(5). What is the greatest common divisor of f and c?
3
Let n = 4752 + -2345. Calculate the highest common factor of 83 and n.
83
Suppose 27*i = -7*i + 1836. Calculate the greatest common factor of i and 126.
18
Let z = 36 + -34. Let u(g) be the second derivative of g**5/2 - g**3/6 + 3*g. Let k be u(z). Calculate the highest common divisor of 26 and k.
26
Let u be (4 - 9)*6/15. Let k be u/(2/(-45)*3). Calculate the greatest common divisor of k and 5.
5
Let l(c) = -c + 7. Let r be (24/2)/((-15)/(-10)). Let y be l(r). Let z be (-3)/(y/(22/3)). What is the greatest common factor of 198 and z?
22
Suppose 4*t + 52 = 5*q - 0*q, 0 = 3*q + 2*t - 18. Suppose -190 = 3*d - q*d. Calculate the greatest common factor of 418 and d.
38
Suppose j - 26 - 21 = -2*n, -5*j = -5*n + 125. Suppose 0 = c + m - n, -3*c + 4*m + 54 = -18. What is the greatest common factor of c and 36?
12
Let d(b) = 2*b + 38. Let f be d(-16). Suppose m - i + 2*i = 0, -9 = m + 4*i. Suppose 3 = m*x - f. Calculate the greatest common divisor of x and 27.
3
Let c = 426 + -331. Calculate the highest common factor of c and 5.
5
Suppose 2*b - 10 = -3*b. Let s be 14*b/(-4)*-11. Let g be (-1 + -1)*(-70)/20. Calculate the greatest common factor of g and s.
7
Suppose -5*c + 33 - 8 = 0. Let d be 244/20 + (-1)/c. Let q = -11 + d. Calculate the greatest common divisor of q and 2.
1
Let j = 8 + -4. Let m be (6/8)/((-35)/(-1400)). Suppose m + 2 = j*h. What is the greatest common divisor of h and 8?
8
Suppose 0 = -17*j + 27*j - 110. What is the highest common factor of 561 and j?
11
Let q(m) = m**3 - 19*m**2 - 19*m + 13. Let g be q(20). What is the highest common divisor of g and 264?
33
Let c = 85 + -48. Let d = 65 + 27. Suppose -d = -5*a - c. Calculate the highest common factor of 121 and a.
11
Let c(s) = 36*s - 4. Let a be c(1). Let g = -15 - -191. Calculate the greatest common divisor of g and a.
16
Suppose 21 = d - r, -2*d + 4*d - 46 = -2*r. What is the greatest common divisor of d and 209?
11
Suppose -2*c - 8 = -3*t, 5*t + c - 24 = -c. Suppose 0 = -0*v + 3*v + 3*p - 528, -2*p - 704 = -t*v. Calculate the greatest common divisor of v and 16.
16
Let w(v) = 2*v**2 + v + 2. Let l be w(2). Suppose 309 + 391 = 10*p. Let h = p + -40. What is the highest common divisor of l and h?
6
Let g be (9/(-5))/((-12)/160). What is the greatest common factor of 384 and g?
24
Suppose -j + 2*i + 16 = 0, -5*j + 64 + 30 = 4*i. Calculate the greatest common divisor of 2 and j.
2
Let q(b) = 6*b**2 - 19*b + 5. Suppose -3*y = 3, 4*y = 5*t - 2*t - 19. Let a be q(t). What is the greatest common divisor of 15 and a?
15
Let m(k) = -580*k - 35. Let i(r) = 97*r + 6. Let u(a) = 34*i(a) + 6*m(a). Let p be u(-1). Calculate the highest common divisor of p and 44.
44
Let m be ((-1)/2)/((-33)/66). Suppose f + 2*p - 8 = 0, 3*p - 6 = 3. What is the highest common divisor of m and f?
1
Suppose 0 = -g - 2*g + 18. Suppose -2*l + 231 = -33. Suppose l = 3*d - d. Calculate the highest common factor of d and g.
6
Let h be 44 + 2*2/(-4). Suppose -2*u + 187 - h = 0. Let k = 9735 + -9687. What is the greatest common factor of u and k?
24
Let j(y) = -y**3 + 6*y**2 + 12*y - 79. Let t be j(5). Suppose 4*s - 564 = -4*a, 3*s + s = a + 549. What is the highest common divisor of t and s?
6
Suppose -5*w + 16*w = 132. Suppose 0 = 3*s - 70 - 11. Suppose s = -y + 159. Calculate the highest common divisor of w and y.
12
Let v = 68 + -23. What is the greatest common factor of 30 and v?
15
Let t(h) = -h**2 - 3*h + 4. Let y be (1 - -13)*4/14. Suppose 9 = s - y*s. Let r be t(s). Calculate the greatest common divisor of 10 and r.
2
Let v = -180 + 188. Suppose -2*f = 2*f. Suppose f*h - 4 = -h. Calculate the highest common divisor of h and v.
4
Let p = 26 - 21. Suppose 0 = 4*o - 0*o - 4*x - 16, -2*o + 5*x = -p. Calculate the highest common divisor of o and 10.
5
Suppose -4*v - 4*p + 199 = -3*p, 3*v - 145 = -5*p. Suppose -z = 3 - v. Let o = z - -1. Calculate the highest common factor of o and 12.
12
Let a = -68 + 61. Let d(q) = -6*q + 8. Let u be d(a). What is the highest common factor of u and 10?
10
Suppose -4*x = r + 3, 5*x = 5*r - 42 - 68. What is the highest common divisor of r and 68?
17
Let k = -920 - -958. What is the greatest common factor of k and 437?
19
Let o be 280/30 + (1 - 12/9). What is the greatest common factor of 1 and o?
1
Let h = 668 + -634. Calculate the greatest common factor of 374 and h.
34
Suppose 2*g + 0 = -b - 4, -b = 5*g + 19. Let h be (-74)/b - 2/(-6). Let y be h*(2 + -3)/2. What is the highest common divisor of 9 and y?
3
Let v = -2 + -5. Let g be (-19)/v + 6/21. Suppose -g - 1 = -z. What is the highest common divisor of 28 and z?
4
Suppose -6*w + 3*w = -225. Let i(g) = g**3 + 5*g**2 - 7*g - 3. Let x be i(-6). Suppose -x*f + 2*f = -25. What is the greatest common factor of w and f?
25
Let h(b) = -4*b**2 + 2*b**2 + 11*b + 10 + b**2. Let d be h(10). Suppose 6*a - d = a. What is the greatest common factor of a and 4?
4
Let r be (-330)/(-70) - 4/(-14). Suppose -r*p - 15 = -155. Suppose 249 + 731 = 5*i. What is the greatest common factor of p and i?
28
Suppose 3*b = 10*b - 357. What is the highest common factor of 136 and b?
17
Suppose -120 = 6*d - 18*d. Calculate the greatest common divisor of 50 and d.
10
Let d(v) = -v**3 - 45*v**2 + 18. Let k be d(-45). What is the highest common divisor of k and 15?
3
Let i(l) = 13 + 22 - 3*l + 56. Let x be i(0). Calculate the greatest common divisor of 26 and x.
13
Suppose -3*h = -5*b - 2, b - 32 = 5*h - 72. What is the greatest common factor of 81 and h?
9
Let s(c) = c**3 - 2*c**2 + c - 3. Let q be s(3). Let w be 1292/6 - (-6)/q. What is the greatest common divisor of w and 24?
24
Let l(j) = -j**3 + 4*j**2 - 2*j - 3. Suppose -4*p = -5*f - 8, 7*p - 4*p + 21 = -3*f. Let g be l(p). Calculate the highest common divisor of 6 and g.
6
Let m be ((-130)/4)/5*-10. Let u be 51/(-34)*(-104)/6. What is the greatest common divisor of u and m?
13
Let o be ((-2)/(-1))/(21/1722). What is the greatest common factor of o and 8?
4
Let j(r) = 3 + 2*r - 2 + r. Let h be j(7). Suppose 440 = 24*u - 4*u. What is the highest common divisor of u and h?
22
Let j be -16*(182/(-7) - 6). What is the greatest common divisor of j and 8?
8
Suppose 